2*q**2 - 3 - 4*q**3. Determine w(-6).
-7
Let i(y) = -5*y - 7 - 10 + 0 - 9. Let d(p) = p + 5. Let j(a) = -11*d(a) - 2*i(a). Let w = 15 - 15. Calculate j(w).
-3
Let r(g) = -g**2 + 9*g - 60 + 13 - 2*g**3 + 32. Give r(-3).
3
Let r(i) = i - 6. Let k(x) = x - 8. Let a be (-60)/(-270) - 2/9. Let s be k(a). Let v = s + 14. What is r(v)?
0
Let m(b) = -b**3 - 2*b**2. Suppose 0 = 7*u - 64 - 2155. Suppose -12 = -313*i + u*i. What is m(i)?
9
Let g = -351 - -355. Suppose 4*w = -0*w - g*c + 20, -3*c = -3. Let o(r) = r**3 - 4*r**2 - r + 1. Calculate o(w).
-3
Suppose -5*w + 13 = 3*o, -w - 3*o - 7 + 0 = 0. Suppose -w*s - 5 = -8*s + 4*b, -5*s = -2*b - 27. Let q(h) = -2*h + 4. Give q(s).
-10
Let g(w) be the first derivative of 7*w**2 - 3*w - 105. What is g(-2)?
-31
Suppose 0 = 44*v - 14*v + 6750. Let m be ((-4)/10)/((-15)/v). Let w(a) = a**2 + 9*a + 2. Give w(m).
-16
Let i(m) = -13*m + 73. Let p(d) = -13*d + 70. Let a(j) = 3*i(j) - 4*p(j). Determine a(6).
17
Let v(s) = -s**3 + 5*s**2 - 6*s + 5. Let d = -21 + 25. Let w be (-3 + 2)/((d/11)/(-4)). Suppose -w*r = -9*r - 8. Calculate v(r).
-3
Let r be (-5 - 6)*1 - (-25 - -16). Let n(j) = 2 - j + 8*j - 5*j. What is n(r)?
-2
Let d(j) = j**2 - 40*j + 120. Suppose -30*b + 1775 - 665 = 0. What is d(b)?
9
Let y(l) = 40*l + 22 - 595*l**2 + 145*l**2 + 152*l**2 + 148*l**2 + 148*l**2. What is y(20)?
22
Let a = 5 + 1. Let c be (1 - a)*(8 + -7). Let i(j) be the first derivative of j**2/2 - 3*j - 501. What is i(c)?
-8
Let y(t) = -6*t**3 - t**2 + t - 2. Suppose -s = -c - 9, -100*s + 98*s = 3*c + 17. Give y(s).
-52
Let r be (-1)/(-4) - 30/(-8). Let f(o) = -o + 12. Let p(m) = 2*m**2 - 21*m. Let b be p(11). Let c(n) = -2*n + 22. Let w(j) = b*f(j) - 6*c(j). Calculate w(r).
4
Let g(y) = y**3 + 5*y**2 - 7*y + 2. Suppose 2878 = -4*o + 2*c, 6*c + 2848 = -4*o + 2*c. Let j = -724 - o. Give g(j).
-47
Let q(d) = d**3 + d**2 + 14*d + 17. Let c(m) = 3*m**3 + 2*m**2 + 24*m + 41. Let g(w) = -2*c(w) + 5*q(w). What is g(-4)?
-5
Let p(u) = -u**2 - 8*u - 4. Let l(r) = -r**3 - 2*r**2 + 6*r + 2. Let j be l(-5). Suppose 0 = 2*v - 29 + j. Let z = v + 4. Calculate p(z).
11
Let m(b) = 48*b + 1001. Let i be 4*(1180/80 + -20). What is m(i)?
-7
Let u(b) = -b**3 - 9*b**2 + 8*b - 8. Let s(c) = -6*c + 9 - 8*c + 9*c + 9*c**2 + 2*c**3 - 3*c. Let l(w) = -2*s(w) - 3*u(w). Determine l(8).
6
Let d(q) = -26*q**3 + 7*q**2 + 4 + 25*q**3 + 4*q - 6*q. Let w(a) = 13*a - 71. Let t = -114 + 120. Let v be w(t). Determine d(v).
-10
Let i(z) = -54*z**2 + 33*z**2 + 22*z**2 + z**3 - 8*z - 2 - 1. What is i(-3)?
3
Let i(g) = -2*g. Let b(m) = m. Let x(l) = -4*b(l) - i(l). Let r(f) = -f - 1. Let y be (-15 - -10)*(-2)/5. Let o be r(y). Calculate x(o).
6
Let g(p) be the second derivative of 2*p**5/5 + p**3/6 + p. Suppose 5*f = r - 8, -5*f - 112*r + 109*r + 4 = 0. What is g(f)?
-9
Let x(g) = g**2 - 10*g + 16. Let r be x(8). Let q(p) = p**3 + 7*p - 7. Let n(k) = 2*k**3 + 13*k - 14. Let s(j) = -6*n(j) + 11*q(j). Determine s(r).
7
Let w(m) = 4*m + 5. Let i(h) = -2*h - 82. Let y(s) = 33*s + 92. Let r be y(-4). Let q be i(r). What is w(q)?
-3
Let t(c) = -5*c**2 + 9*c - 2. Let u(m) = -6*m**2 + 10*m - 5. Let i(j) = -5*t(j) + 4*u(j). What is i(4)?
-14
Let k(j) be the first derivative of j**2/2 + 8*j + 1. Let b(s) = 32*s**2 - 126*s + 94. Let q be b(3). What is k(q)?
12
Let x(u) be the first derivative of u**4/4 - 7*u**3/3 + u**2/2 + 3*u + 2352. Calculate x(6).
-27
Let y(m) be the first derivative of m**3/3 - 7*m**2/2 - 22*m - 16. Let x be y(9). Let o(s) be the second derivative of -2*s**3/3 - 3*s**2 + 31*s. Give o(x).
10
Suppose -46 = -5*v + 5*z + 9, 1 = -v - 3*z. Let h(u) = -5 + u**2 - 375*u - 382*u - 375*u - 377*u + 1501*u. Calculate h(v).
-5
Let t(x) = 4*x**2 + 4*x - 19. Let z(b) = 5*b**2 + 8*b - 19. Let v(o) = -3*t(o) + 2*z(o). Determine v(5).
-11
Let r be (2 + (-84)/(-10))/(6/15). Suppose -2*u = 3*c - r, -5*u + u = -3*c - 52. Suppose n - u = -12*n. Let d(g) = -23*g**3 - 2*g**2 + 2*g - 1. Give d(n).
-24
Let v = 64471/3 + -21490. Let j(h) be the first derivative of v*h**3 + 3*h - 21 + 5*h**2. Give j(-4).
-21
Let y(n) = n**2 - 8*n + 3. Let p = -13 + 23. Let b = p + -5. Suppose x - 2 = 1, -b*k + 42 = 4*x. Give y(k).
-9
Let r(s) be the first derivative of 10 + 10*s - 1/2*s**2. Let k = 40 + -33. Give r(k).
3
Let q be (-12)/((3 - (1 - -8))/(-3)). Let t(v) = -31*v - 181. Determine t(q).
5
Let z(o) = -3*o**3 + 21*o**2 - 7*o + 9. Let l(v) = 2*v**3 - 13*v**2 - v. Let p(m) = -2*l(m) - z(m). What is p(7)?
-44
Let g(z) = -13*z**3 + 23*z**2 - 43*z + 16. Let t(u) = -3*u**3 + 6*u**2 - 11*u + 4. Let l(q) = -2*g(q) + 9*t(q). Calculate l(5).
14
Let a = 19622 + -19594. Let s(i) = -10*i + 284. Give s(a).
4
Let f(s) be the third derivative of s**5/60 - 19*s**4/24 - 11*s**3/3 + 289*s**2 - 7*s. What is f(24)?
98
Let g(p) = p**3 - 4*p**2 + p - 1. Let h be (0 - 1)*(0 - 2). Suppose d = -4*m + 15, 0 = -2*m + 3*m + h*d - 9. What is g(m)?
-7
Suppose 24*f - 4 = -4*a, 2*f - 4 = -2*f - 4*a. Let c(i) be the second derivative of f*i**3 - 20*i - 1/20*i**5 + 0 - 1/4*i**4 + 0*i**2. Give c(-3).
0
Suppose 21*r - 97 = -352 - 417. Let k(w) = -2*w**3 - 64*w**2 - 2*w - 71. Give k(r).
-7
Let m(q) = -4*q - 3. Let o be m(-3). Suppose -n = z + o, n - z + 24 = -5*z. Let j(l) = 3*l + 0*l - l**2 - 2*l - 3*l + 2. Determine j(n).
-6
Let b(z) = 1718*z - 3448*z + 3 - 4 + 1722*z + z**2 + 3. What is b(12)?
50
Let t = -203 + 205. Let c(p) = 114 - 61 - t*p - 57. Calculate c(4).
-12
Let z(a) = 238 - 124 + 8*a**3 + 12*a**3 - 113 + 4*a + 2*a**2. What is z(-1)?
-21
Suppose -2*z = -2*o - 8, 100*o + z + 2 = 103*o. Let h(a) = a**3 - 2*a**2 - a - 6. Calculate h(o).
0
Let j(a) = 5*a - 5. Let x(v) = 15*v + 3 - 7*v - 14*v + 2. Let c(b) = -3*j(b) - 2*x(b). Let s(g) = g. Let o be s(6). Give c(o).
-13
Let a(k) = 12 - k**2 + 4*k - 6 - 2 + 1. Let f be (-3)/6*6 - -13. Let p(r) = -r + 14. Let t be p(f). Calculate a(t).
5
Let c(y) be the second derivative of -y**4/6 - 11*y**3/3 - y**2 + 39*y. What is c(-7)?
54
Let t(y) = -y - 17. Suppose -65*r = -66*r - s + 2, -5*s - 14 = 2*r. Give t(r).
-25
Let g = 84 + -96. Let w(u) = -3*u + u**2 + 2142 - 2157 + 11*u + 4*u. Determine w(g).
-15
Let d(p) = -158*p - 6317. Let t be d(-40). Let k(c) be the second derivative of -32*c + 2/3*c**t + 0*c**2 + 0 + 1/12*c**4. Calculate k(-5).
5
Suppose 4998 = -z + 8*z. Let h(p) = z - 714 + 5*p + p**2. Give h(-5).
0
Let q(n) = -n**3 + n**2 - 4*n - 3. Let s(d) = 65*d - 267. Let u be s(-8). Let v = u - -785. Determine q(v).
17
Let i(q) = -2*q + 3. Let a = -436 - -436. Suppose 5*o + 4*l + 30 = 0, a = 3*o + 48*l - 51*l + 18. Determine i(o).
15
Let d(i) = i**2 - 5*i + 10. Let a be d(2). Let t(g) = -6*g - 3*g - 6 - 6 + a*g + 7*g. What is t(8)?
4
Let l = -1565 - -1564. Let w(q) = 24*q**3 - q**2 - q. Calculate w(l).
-24
Let c(r) = -21*r**2 - 58*r + 176. Let y(q) = -25*q**2 - 65*q + 175. Let j(v) = 6*c(v) - 5*y(v). Determine j(-29).
7
Let s(u) = u**2 - 11*u - 13. Let z be (-7 + (-58)/(-10))/((-2)/25). Suppose -2*n - z*q + 11*q + 24 = 0, -q = -2*n + 24. What is s(n)?
-1
Let f(g) = -21*g + 2. Let m(h) = -98*h - 105. Let b(x) = 5*f(x) - m(x). What is b(15)?
10
Suppose -3 = -u + 2*i, u + 3*i + 3 = 2*i. Suppose 6 = -2*w, -3*w + w = -4*z + 18. Let j(k) = -2*k**2 + 0*k + k + k**2 - 16*k**z + 3*k**2. Give j(u).
17
Let p(b) = -b**3 - 6*b**2 + 10*b + 7. Suppose -10*d - 10*d = 3800. Let x = d - -183. What is p(x)?
-14
Let w(j) = -71*j + 17*j + 25 - j**2 + 7 + 33*j. What is w(-23)?
-14
Let r(k) = 2*k**2 - 6*k - 150. Let l(p) = 3*p**2 - 8*p - 174. Let q(j) = -3*l(j) + 4*r(j). Determine q(0).
-78
Let u(d) = 42*d - 2 + 50*d + 47*d + 5*d**2 - 163*d. What is u(7)?
75
Let v(i) = -2*i**2 + 1. Let m(f) = -9*f**2 + 16*f + 54. Let r(x) = m(x) - 5*v(x). Calculate r(-11).
-6
Let i(q) be the first derivative of 1/6*q**3 + 3*q**2 + 1/20*q**5 - 31*q - 1/2*q**4 + 32. Let p(b) be the first derivative of i(b). Give p(6).
12
Let h(l) = -2*l - 23. Let q(v) = -4*v + 21. Let b(t) = -4*h(t) - 3*q(t). What is b(-3)?
-31
Let i(c) be the third derivative of c**4/24 + c**3/2 - c**2. Suppose 2*l - 22 = -7*q, -12*q + 22 = 5*l - 11*q. Calculate i(l).
7
Let h(w) = -2*w - 2. Let c = -80 - -63. Let b(z) = z**3 + 18*z**2 + 18*z + 39. Let r be b(c). Suppose 0 = -r*y + 24*y + 10. Determine h(y).
8
Let h be (27/(-9))/((-120)/400). Let d(v) = 2*v - v